{"id":276,"date":"2025-05-20T11:47:31","date_gmt":"2025-05-20T11:47:31","guid":{"rendered":"https:\/\/krishouse.eu\/?page_id=276"},"modified":"2025-05-21T11:28:19","modified_gmt":"2025-05-21T11:28:19","slug":"o-nas","status":"publish","type":"page","link":"https:\/\/krishouse.eu\/?page_id=276","title":{"rendered":"O nas"},"content":{"rendered":"<p>[et_pb_section fb_built=&#8221;1&#8243; _builder_version=&#8221;4.27.4&#8243; _module_preset=&#8221;default&#8221; use_background_color_gradient=&#8221;on&#8221; background_color_gradient_stops=&#8221;rgba(0,0,0,0.42) 0%|rgba(255,255,255,0) 38%&#8221; background_color_gradient_overlays_image=&#8221;on&#8221; background_image=&#8221;https:\/\/krishouse.eu\/wp-content\/uploads\/2025\/05\/KrisHouse_pro05.webp&#8221; min_height=&#8221;30vh&#8221; global_colors_info=&#8221;{}&#8221;][et_pb_row _builder_version=&#8221;4.27.4&#8243; _module_preset=&#8221;default&#8221; custom_padding=&#8221;4%||4%||true|false&#8221; global_colors_info=&#8221;{}&#8221;][et_pb_column type=&#8221;4_4&#8243; _builder_version=&#8221;4.27.4&#8243; _module_preset=&#8221;default&#8221; global_colors_info=&#8221;{}&#8221;][\/et_pb_column][\/et_pb_row][\/et_pb_section][et_pb_section fb_built=&#8221;1&#8243; _builder_version=&#8221;4.27.4&#8243; _module_preset=&#8221;default&#8221; global_colors_info=&#8221;{}&#8221;][et_pb_row _builder_version=&#8221;4.27.4&#8243; _module_preset=&#8221;default&#8221; global_colors_info=&#8221;{}&#8221;][et_pb_column type=&#8221;4_4&#8243; _builder_version=&#8221;4.27.4&#8243; _module_preset=&#8221;default&#8221; global_colors_info=&#8221;{}&#8221;][et_pb_heading title=&#8221;Poznaj Krishouse \u2013 rodzinny ekspert od dom\u00f3w drewnianych&#8221; _builder_version=&#8221;4.27.4&#8243; _module_preset=&#8221;_initial&#8221; title_font=&#8221;||||||||&#8221; custom_margin=&#8221;||10px||false|false&#8221; title_font_size_tablet=&#8221;40px&#8221; title_font_size_phone=&#8221;24px&#8221; title_font_size_last_edited=&#8221;on|phone&#8221; global_colors_info=&#8221;{}&#8221;][\/et_pb_heading][et_pb_text _builder_version=&#8221;4.27.4&#8243; _module_preset=&#8221;default&#8221; global_colors_info=&#8221;{}&#8221;]<\/p>\n<p>Jeste\u015bmy firm\u0105 rodzinn\u0105 z ponad 20-letnim do\u015bwiadczeniem w budownictwie. Nasz\u0105 specjalno\u015bci\u0105 s\u0105 ca\u0142oroczne domy drewniane w technologii szkieletowej. Przez lata zdobywali\u015bmy wiedz\u0119 w Polsce i za granic\u0105, realizuj\u0105c projekty mieszkaniowe i instytucjonalne. Obecnie koncentrujemy si\u0119 na prefabrykacji dom\u00f3w premium, kt\u00f3re spe\u0142niaj\u0105 oczekiwania nawet najbardziej wymagaj\u0105cych klient\u00f3w..<\/p>\n<p>[\/et_pb_text][\/et_pb_column][\/et_pb_row][\/et_pb_section][et_pb_section fb_built=&#8221;1&#8243; theme_builder_area=&#8221;post_content&#8221; _builder_version=&#8221;4.27.4&#8243; _module_preset=&#8221;default&#8221; background_color=&#8221;rgba(0,0,0,0.45)&#8221; hover_enabled=&#8221;0&#8243; sticky_enabled=&#8221;0&#8243; title_text=&#8221;KrisHouse_pro03&#8243; background_image=&#8221;https:\/\/krishouse.eu\/wp-content\/uploads\/2025\/05\/KrisHouse_pro03.webp&#8221; background_blend=&#8221;overlay&#8221; custom_padding=&#8221;11px||10px|||&#8221;][et_pb_row _builder_version=&#8221;4.27.4&#8243; _module_preset=&#8221;default&#8221; theme_builder_area=&#8221;post_content&#8221;][et_pb_column _builder_version=&#8221;4.27.4&#8243; _module_preset=&#8221;default&#8221; type=&#8221;4_4&#8243; theme_builder_area=&#8221;post_content&#8221;][et_pb_text _builder_version=&#8221;4.27.4&#8243; _module_preset=&#8221;default&#8221; hover_enabled=&#8221;0&#8243; global_colors_info=&#8221;{}&#8221; theme_builder_area=&#8221;post_content&#8221; header_2_text_align=&#8221;center&#8221; header_2_text_color=&#8221;#FFFFFF&#8221; sticky_enabled=&#8221;0&#8243;]<\/p>\n<h2>Nasze warto\u015bci:<\/h2>\n<p>[\/et_pb_text][\/et_pb_column][\/et_pb_row][et_pb_row _builder_version=&#8221;4.27.4&#8243; _module_preset=&#8221;default&#8221; hover_enabled=&#8221;0&#8243; global_colors_info=&#8221;{}&#8221; theme_builder_area=&#8221;post_content&#8221; custom_padding=&#8221;0px|0px|0px|0px|false|false&#8221; sticky_enabled=&#8221;0&#8243;][et_pb_column type=&#8221;4_4&#8243; _builder_version=&#8221;4.27.4&#8243; _module_preset=&#8221;default&#8221; global_colors_info=&#8221;{}&#8221; theme_builder_area=&#8221;post_content&#8221;][et_pb_code _builder_version=&#8221;4.27.4&#8243; _module_preset=&#8221;default&#8221; global_colors_info=&#8221;{}&#8221; theme_builder_area=&#8221;post_content&#8221;]<\/p>\n<section class=\"values-section\"><!-- [et_pb_line_break_holder] -->  <!-- Rzetelno\u015b\u0107 --><!-- [et_pb_line_break_holder] -->  <\/p>\n<div class=\"value-card\"><!-- [et_pb_line_break_holder] -->    <svg xmlns=\"http:\/\/www.w3.org\/2000\/svg\" fill=\"none\" stroke=\"currentColor\" stroke-width=\"2\"<!-- [et_pb_line_break_holder] -->      stroke-linecap=&#8221;round&#8221; stroke-linejoin=&#8221;round&#8221; viewBox=&#8221;0 0 24 24&#8243;><!-- [et_pb_line_break_holder] -->      <path d=\"M9 5H5a2 2 0 0 0-2 2v14a2 2 0 0 0 2 2h14a2 2 0 0 0 2-2V7a2 2 0 0 0-2-2h-4\"\/><!-- [et_pb_line_break_holder] -->      <path d=\"M9 3h6v4H9z\"\/><!-- [et_pb_line_break_holder] -->      <path d=\"M9 14l2 2 4-4\"\/><!-- [et_pb_line_break_holder] -->    <\/svg><!-- [et_pb_line_break_holder] -->    <\/p>\n<h3>Rzetelno\u015b\u0107<\/h3>\n<p><!-- [et_pb_line_break_holder] -->    <pee>Dotrzymujemy termin\u00f3w i dzia\u0142amy zgodnie z umow\u0105.<\/pee><!-- [et_pb_line_break_holder] -->  <\/div>\n<p><!-- [et_pb_line_break_holder] --><!-- [et_pb_line_break_holder] -->  <!-- Zaufanie --><!-- [et_pb_line_break_holder] -->  <\/p>\n<div class=\"value-card\"><!-- [et_pb_line_break_holder] -->    <svg xmlns=\"http:\/\/www.w3.org\/2000\/svg\" fill=\"none\" stroke=\"currentColor\" stroke-width=\"2\"<!-- [et_pb_line_break_holder] -->      stroke-linecap=&#8221;round&#8221; stroke-linejoin=&#8221;round&#8221; viewBox=&#8221;0 0 24 24&#8243;><!-- [et_pb_line_break_holder] -->      <path d=\"M4 12l4-4 4 4 4-4 4 4\"\/><!-- [et_pb_line_break_holder] -->      <path d=\"M4 12l4 4 4-4 4 4 4-4\"\/><!-- [et_pb_line_break_holder] -->    <\/svg><!-- [et_pb_line_break_holder] -->    <\/p>\n<h3>Zaufanie<\/h3>\n<p><!-- [et_pb_line_break_holder] -->    <pee>Wielu klient\u00f3w wraca do nas przy kolejnych inwestycjach.<\/pee><!-- [et_pb_line_break_holder] -->  <\/div>\n<p><!-- [et_pb_line_break_holder] --><!-- [et_pb_line_break_holder] -->  <!-- Jako\u015b\u0107 --><!-- [et_pb_line_break_holder] -->  <\/p>\n<div class=\"value-card\"><!-- [et_pb_line_break_holder] -->    <svg xmlns=\"http:\/\/www.w3.org\/2000\/svg\" fill=\"none\" stroke=\"currentColor\" stroke-width=\"2\"<!-- [et_pb_line_break_holder] -->      stroke-linecap=&#8221;round&#8221; stroke-linejoin=&#8221;round&#8221; viewBox=&#8221;0 0 24 24&#8243;><!-- [et_pb_line_break_holder] -->      <polygon points=\"12 2 15.09 8.26 22 9.27 17 14.14 18.18 21.02 12 17.77 <!-- [et_pb_line_break_holder] -->      5.82 21.02 7 14.14 2 9.27 8.91 8.26 12 2&#8243;\/><!-- [et_pb_line_break_holder] -->    <\/svg><!-- [et_pb_line_break_holder] -->    <\/p>\n<h3>Jako\u015b\u0107<\/h3>\n<p><!-- [et_pb_line_break_holder] -->    <pee>Nie idziemy na skr\u00f3ty \u2013 stawiamy na solidne materia\u0142y i sprawdzone technologie.<\/pee><!-- [et_pb_line_break_holder] -->  <\/div>\n<p><!-- [et_pb_line_break_holder] --><\/section>\n<p>[\/et_pb_code][\/et_pb_column][\/et_pb_row][\/et_pb_section][et_pb_section fb_built=&#8221;1&#8243; theme_builder_area=&#8221;post_content&#8221; _builder_version=&#8221;4.27.4&#8243; _module_preset=&#8221;default&#8221;][et_pb_row _builder_version=&#8221;4.27.4&#8243; _module_preset=&#8221;default&#8221; global_colors_info=&#8221;{}&#8221; theme_builder_area=&#8221;post_content&#8221;][et_pb_column type=&#8221;4_4&#8243; _builder_version=&#8221;4.27.4&#8243; _module_preset=&#8221;default&#8221; global_colors_info=&#8221;{}&#8221; theme_builder_area=&#8221;post_content&#8221;][et_pb_text _builder_version=&#8221;4.27.4&#8243; _module_preset=&#8221;default&#8221; global_colors_info=&#8221;{}&#8221; theme_builder_area=&#8221;post_content&#8221;]<\/p>\n<h2 data-pm-slice=\"1 1 []\"><span>Co nas wyr\u00f3\u017cnia?<\/span><\/h2>\n<p>[\/et_pb_text][et_pb_text _builder_version=&#8221;4.27.4&#8243; _module_preset=&#8221;default&#8221; global_colors_info=&#8221;{}&#8221; theme_builder_area=&#8221;post_content&#8221;]<\/p>\n<ul data-spread=\"false\" data-pm-slice=\"3 3 []\">\n<li>\n<p><span>Wieloletnie do\u015bwiadczenie w kraju i za granic\u0105<\/span><\/p>\n<\/li>\n<li>\n<p><span>Zesp\u00f3\u0142 specjalist\u00f3w z r\u00f3\u017cnych dziedzin budownictwa<\/span><\/p>\n<\/li>\n<li>\n<p><span>Nowoczesna hala prefabrykacji<\/span><\/p>\n<\/li>\n<li>\n<p><span>Certyfikowani dostawcy drewna i komponent\u00f3w<\/span><\/p>\n<\/li>\n<li>\n<p><span>W\u0142asna logistyka i nadz\u00f3r na ka\u017cdym etapie<\/span><\/p>\n<\/li>\n<\/ul>\n<p>[\/et_pb_text][\/et_pb_column][\/et_pb_row][\/et_pb_section]<\/p>\n","protected":false},"excerpt":{"rendered":"<p>Jeste\u015bmy firm\u0105 rodzinn\u0105 z ponad 20-letnim do\u015bwiadczeniem w budownictwie. Nasz\u0105 specjalno\u015bci\u0105 s\u0105 ca\u0142oroczne domy drewniane w technologii szkieletowej. Przez lata zdobywali\u015bmy wiedz\u0119 w Polsce i za granic\u0105, realizuj\u0105c projekty mieszkaniowe i instytucjonalne. Obecnie koncentrujemy si\u0119 na prefabrykacji dom\u00f3w premium, kt\u00f3re spe\u0142niaj\u0105 oczekiwania nawet najbardziej wymagaj\u0105cych klient\u00f3w..Nasze warto\u015bci: stroke-linecap=&#8221;round&#8221; stroke-linejoin=&#8221;round&#8221; viewBox=&#8221;0 0 24 24&#8243; Rzetelno\u015b\u0107 Dotrzymujemy [&hellip;]<\/p>\n","protected":false},"author":1,"featured_media":0,"parent":0,"menu_order":0,"comment_status":"closed","ping_status":"closed","template":"","meta":{"_et_pb_use_builder":"on","_et_pb_old_content":"","_et_gb_content_width":"","footnotes":""},"class_list":["post-276","page","type-page","status-publish","hentry"],"_links":{"self":[{"href":"https:\/\/krishouse.eu\/index.php?rest_route=\/wp\/v2\/pages\/276","targetHints":{"allow":["GET"]}}],"collection":[{"href":"https:\/\/krishouse.eu\/index.php?rest_route=\/wp\/v2\/pages"}],"about":[{"href":"https:\/\/krishouse.eu\/index.php?rest_route=\/wp\/v2\/types\/page"}],"author":[{"embeddable":true,"href":"https:\/\/krishouse.eu\/index.php?rest_route=\/wp\/v2\/users\/1"}],"replies":[{"embeddable":true,"href":"https:\/\/krishouse.eu\/index.php?rest_route=%2Fwp%2Fv2%2Fcomments&post=276"}],"version-history":[{"count":12,"href":"https:\/\/krishouse.eu\/index.php?rest_route=\/wp\/v2\/pages\/276\/revisions"}],"predecessor-version":[{"id":346,"href":"https:\/\/krishouse.eu\/index.php?rest_route=\/wp\/v2\/pages\/276\/revisions\/346"}],"wp:attachment":[{"href":"https:\/\/krishouse.eu\/index.php?rest_route=%2Fwp%2Fv2%2Fmedia&parent=276"}],"curies":[{"name":"wp","href":"https:\/\/api.w.org\/{rel}","templated":true}]}}